{"id":843,"date":"2023-08-09T13:42:49","date_gmt":"2023-08-09T13:42:49","guid":{"rendered":"http:\/\/eoffice-events.de\/web-site\/?page_id=843"},"modified":"2023-10-06T06:48:53","modified_gmt":"2023-10-06T06:48:53","slug":"uber-uns","status":"publish","type":"page","link":"https:\/\/eoffice-events.de\/web-site\/uber-uns\/","title":{"rendered":"\u00dcBER UNS"},"content":{"rendered":"\t\t<div data-elementor-type=\"wp-page\" data-elementor-id=\"843\" class=\"elementor elementor-843\">\n\t\t\t\t\t\t<section class=\"elementor-section elementor-top-section elementor-element elementor-element-36632b79 elementor-section-stretched elementor-section-boxed elementor-section-height-default elementor-section-height-default\" data-id=\"36632b79\" data-element_type=\"section\" data-e-type=\"section\" data-settings=\"{&quot;stretch_section&quot;:&quot;section-stretched&quot;,&quot;background_background&quot;:&quot;classic&quot;}\">\n\t\t\t\t\t\t\t<div class=\"elementor-background-overlay\"><\/div>\n\t\t\t\t\t\t\t<div class=\"elementor-container elementor-column-gap-no\">\n\t\t\t\t\t<div class=\"elementor-column elementor-col-100 elementor-top-column elementor-element elementor-element-2d01b6\" data-id=\"2d01b6\" data-element_type=\"column\" data-e-type=\"column\">\n\t\t\t<div class=\"elementor-widget-wrap elementor-element-populated\">\n\t\t\t\t\t\t<div class=\"elementor-element elementor-element-96fe79f elementor-widget__width-initial gyan-title-desc-left elementor-widget elementor-widget-gyan_title\" data-id=\"96fe79f\" data-element_type=\"widget\" data-e-type=\"widget\" data-widget_type=\"gyan_title.default\">\n\t\t\t\t<div class=\"elementor-widget-container\">\n\t\t\t\t\t\t\t<div class=\"gyan-title\">\r\n\t\t\t<h2 class=\"gyan-title-heading\">Individueller L\u00f6sungspartner seit \u00fcber 30 Jahren<\/h2><div class=\"gyan-title-desc\">Die Haus Weilgut Computer Conception GmbH hat ihre Geburtsstunde im Jahr 1985 erlebt. Diese Firma ist auf die Entwicklung von CRM-, Projekt-, Dokumenten- und Mind-Map-L\u00f6sungen spezialisiert, die in Unternehmen jeder Gr\u00f6\u00dfe eingesetzt werden k\u00f6nnen.<\/div>\t\t<\/div>\r\n\t\t\t\t\t\t<\/div>\n\t\t\t\t<\/div>\n\t\t\t\t<section class=\"elementor-section elementor-inner-section elementor-element elementor-element-cd651fe elementor-section-boxed elementor-section-height-default elementor-section-height-default\" data-id=\"cd651fe\" data-element_type=\"section\" data-e-type=\"section\">\n\t\t\t\t\t\t<div class=\"elementor-container elementor-column-gap-no\">\n\t\t\t\t\t<div class=\"elementor-column elementor-col-50 elementor-inner-column elementor-element elementor-element-23337116\" data-id=\"23337116\" data-element_type=\"column\" data-e-type=\"column\">\n\t\t\t<div class=\"elementor-widget-wrap elementor-element-populated\">\n\t\t\t\t\t\t<div class=\"elementor-element elementor-element-5befdf44 elementor-widget elementor-widget-heading\" data-id=\"5befdf44\" data-element_type=\"widget\" data-e-type=\"widget\" data-widget_type=\"heading.default\">\n\t\t\t\t<div class=\"elementor-widget-container\">\n\t\t\t\t\t<h2 class=\"elementor-heading-title elementor-size-default\">Ihr Partner f\u00fcr intelligente Software-L\u00f6sungen\n<\/h2>\t\t\t\t<\/div>\n\t\t\t\t<\/div>\n\t\t\t\t<div class=\"elementor-element elementor-element-b16ca1c elementor-widget elementor-widget-text-editor\" data-id=\"b16ca1c\" data-element_type=\"widget\" data-e-type=\"widget\" data-widget_type=\"text-editor.default\">\n\t\t\t\t<div class=\"elementor-widget-container\">\n\t\t\t\t\t\t\t\t\t<p class=\"cvGsUA direction-ltr align-start para-style-body\"><span class=\"OYPEnA text-decoration-none text-strikethrough-none\">Haus Weilgut entwickelt intelligente Software-L\u00f6sungen f\u00fcr verschiedenste Branchen. Wir bieten unseren Kunden aus der Dienstleistungsbranche, Industrie, Verb\u00e4nden und \u00f6ffentlichen Organisationen die Weilgut CRM 360\u00b0 L\u00f6sung. Diese Produkte unterst\u00fctzen zahlreiche Kunden bei ihren Arbeitsprozessen, und das unabh\u00e4ngig von Unternehmens-, Team- und Standortgrenzen.<\/span><\/p><p class=\"cvGsUA direction-ltr align-start para-style-body\"><span class=\"OYPEnA text-decoration-none text-strikethrough-none\">Unser Ziel ist es, stets innovative Weiterentwicklungen unserer Software vorzunehmen, um die Zukunftsf\u00e4higkeit Ihrer neuen CRM- oder Projektmanagement-L\u00f6sung zu sichern. Dies wird durch die Innovationspreise, die Haus Weilgut wiederholt erhalten hat, bewiesen.<\/span><\/p>\t\t\t\t\t\t\t\t<\/div>\n\t\t\t\t<\/div>\n\t\t\t\t<div class=\"elementor-element elementor-element-7bc997cf elementor-widget elementor-widget-heading\" data-id=\"7bc997cf\" data-element_type=\"widget\" data-e-type=\"widget\" data-widget_type=\"heading.default\">\n\t\t\t\t<div class=\"elementor-widget-container\">\n\t\t\t\t\t<h2 class=\"elementor-heading-title elementor-size-default\">Wir freuen uns auf Sie!\n<\/h2>\t\t\t\t<\/div>\n\t\t\t\t<\/div>\n\t\t\t\t<div class=\"elementor-element elementor-element-55eb0ad2 elementor-widget elementor-widget-text-editor\" data-id=\"55eb0ad2\" data-element_type=\"widget\" data-e-type=\"widget\" data-widget_type=\"text-editor.default\">\n\t\t\t\t<div class=\"elementor-widget-container\">\n\t\t\t\t\t\t\t\t\t<p class=\"cvGsUA direction-ltr align-start para-style-body\"><span class=\"OYPEnA text-decoration-none text-strikethrough-none\">Unser Hauptsitz befindet sich in Ettlingen bei Karlsruhe. Unsere Mitarbeiter haben stets die spezifischen Anforderungen unserer Kunden und Anwender im Blick und entwickeln gemeinsam mit ihnen ein detailliertes Konzept. Anschlie\u00dfend werden unsere seit 1989 bew\u00e4hrten Standardmodule konfiguriert und nach Bedarf angepasst.<\/span><\/p><p class=\"cvGsUA direction-ltr align-start para-style-body\"><span class=\"OYPEnA text-decoration-none text-strikethrough-none\">Profitieren Sie von unserem umfangreichen Know-how und erhalten Sie eine auf Ihr Unternehmen zugeschnittene, integrierte L\u00f6sung.<\/span><\/p>\t\t\t\t\t\t\t\t<\/div>\n\t\t\t\t<\/div>\n\t\t\t\t<div class=\"elementor-element elementor-element-331d543 elementor-widget elementor-widget-image\" data-id=\"331d543\" data-element_type=\"widget\" data-e-type=\"widget\" data-widget_type=\"image.default\">\n\t\t\t\t<div class=\"elementor-widget-container\">\n\t\t\t\t\t\t\t\t\t\t\t\t\t\t\t<img decoding=\"async\" src=\"http:\/\/eoffice-events.de\/web-site\/wp-content\/uploads\/sites\/12\/2023\/10\/about-dot-curve.jpg\" title=\"\" alt=\"\" loading=\"lazy\" \/>\t\t\t\t\t\t\t\t\t\t\t\t\t\t\t<\/div>\n\t\t\t\t<\/div>\n\t\t\t\t\t<\/div>\n\t\t<\/div>\n\t\t\t\t<div class=\"elementor-column elementor-col-50 elementor-inner-column elementor-element elementor-element-787bc515\" data-id=\"787bc515\" data-element_type=\"column\" data-e-type=\"column\">\n\t\t\t<div class=\"elementor-widget-wrap elementor-element-populated\">\n\t\t\t\t\t\t<div class=\"elementor-element elementor-element-3b0918c9 elementor-widget__width-initial elementor-widget elementor-widget-image\" data-id=\"3b0918c9\" data-element_type=\"widget\" data-e-type=\"widget\" data-widget_type=\"image.default\">\n\t\t\t\t<div class=\"elementor-widget-container\">\n\t\t\t\t\t\t\t\t\t\t\t\t\t\t\t<img fetchpriority=\"high\" decoding=\"async\" width=\"707\" height=\"819\" src=\"https:\/\/eoffice-events.de\/web-site\/wp-content\/uploads\/sites\/12\/2023\/10\/about-welcome.jpg\" class=\"attachment-full size-full wp-image-2599\" alt=\"\" srcset=\"https:\/\/eoffice-events.de\/web-site\/wp-content\/uploads\/sites\/12\/2023\/10\/about-welcome.jpg 707w, https:\/\/eoffice-events.de\/web-site\/wp-content\/uploads\/sites\/12\/2023\/10\/about-welcome-259x300.jpg 259w\" sizes=\"(max-width: 707px) 100vw, 707px\" \/>\t\t\t\t\t\t\t\t\t\t\t\t\t\t\t<\/div>\n\t\t\t\t<\/div>\n\t\t\t\t\t<\/div>\n\t\t<\/div>\n\t\t\t\t\t<\/div>\n\t\t<\/section>\n\t\t\t\t\t<\/div>\n\t\t<\/div>\n\t\t\t\t\t<\/div>\n\t\t<\/section>\n\t\t\t\t<\/div>\n\t\t","protected":false},"excerpt":{"rendered":"<p>Individueller L\u00f6sungspartner seit \u00fcber 30 Jahren Die Haus Weilgut Computer Conception GmbH hat ihre Geburtsstunde im Jahr 1985 erlebt. Diese Firma ist auf die Entwicklung von CRM-, Projekt-, Dokumenten- und Mind-Map-L\u00f6sungen spezialisiert, die in Unternehmen jeder Gr\u00f6\u00dfe eingesetzt werden k\u00f6nnen. Ihr Partner f\u00fcr intelligente Software-L\u00f6sungen Haus Weilgut entwickelt intelligente Software-L\u00f6sungen [&hellip;]<\/p>\n","protected":false},"author":4,"featured_media":0,"parent":0,"menu_order":0,"comment_status":"closed","ping_status":"closed","template":"","meta":{"footnotes":""},"class_list":["post-843","page","type-page","status-publish","hentry"],"_links":{"self":[{"href":"https:\/\/eoffice-events.de\/web-site\/wp-json\/wp\/v2\/pages\/843","targetHints":{"allow":["GET"]}}],"collection":[{"href":"https:\/\/eoffice-events.de\/web-site\/wp-json\/wp\/v2\/pages"}],"about":[{"href":"https:\/\/eoffice-events.de\/web-site\/wp-json\/wp\/v2\/types\/page"}],"author":[{"embeddable":true,"href":"https:\/\/eoffice-events.de\/web-site\/wp-json\/wp\/v2\/users\/4"}],"replies":[{"embeddable":true,"href":"https:\/\/eoffice-events.de\/web-site\/wp-json\/wp\/v2\/comments?post=843"}],"version-history":[{"count":13,"href":"https:\/\/eoffice-events.de\/web-site\/wp-json\/wp\/v2\/pages\/843\/revisions"}],"predecessor-version":[{"id":2634,"href":"https:\/\/eoffice-events.de\/web-site\/wp-json\/wp\/v2\/pages\/843\/revisions\/2634"}],"wp:attachment":[{"href":"https:\/\/eoffice-events.de\/web-site\/wp-json\/wp\/v2\/media?parent=843"}],"curies":[{"name":"wp","href":"https:\/\/api.w.org\/{rel}","templated":true}]}}